 3, 19
Let d(f) = f**3 + 18*f**2 - f - 22. Let r be d(-18). Let n(a) = 7 + 1 - 11*a - 3*a. What are the prime factors of n(r)?
2
List the prime factors of (396640/120)/(4 + (-10)/3).
2, 37, 67
Let y = -31226 - -68795. List the prime factors of y.
3, 7, 1789
Let z = -11012 + 37982. List the prime factors of z.
2, 3, 5, 29, 31
Suppose 52*h - 84354 = 18*h. What are the prime factors of h?
3, 827
Suppose -c = -4*p - 0*p - 114, -3*p + 107 = c. Suppose -89 = 3*u - c. What are the prime factors of u?
7
Let w(u) = 41*u + 61. Let f be w(-13). Let r = 761 + f. List the prime factors of r.
17
Suppose -1497 = 6*b - 5403. Let o = b + -263. What are the prime factors of o?
2, 97
Let v(d) = d**3 + 25*d**2 - 2*d - 37. Let g be v(-25). Let z = g + -8. What are the prime factors of 557/z - 36/90?
3, 37
Suppose 6*g - 767 - 25 = 0. Suppose -2*m = 4*n + g, m = n - 2*n - 66. Let l = m - -115. What are the prime factors of l?
7
Let o(f) = f**2 + 27*f + 65. Let v be o(-27). Suppose v*r = 50*r + 6705. What are the prime factors of r?
3, 149
Let s = -33 - -78. Suppose -s + 227 = 4*b - 2*a, -4*b - 3*a = -197. Let v = 84 - b. What are the prime factors of v?
37
List the prime factors of 668/((-440)/231 + 2).
2, 3, 7, 167
List the prime factors of 89522/(-8)*(-44 + 36).
2, 17, 2633
Suppose 45*w - 18*w - 282150 = -144*w. What are the prime factors of w?
2, 3, 5, 11
Let b(u) = 2*u**2 - 10*u + 5. Let a be b(5). Suppose -4*x - 5*d + 3653 = 0, 4*d + 4510 = a*x - d. Suppose 6*i - x = -37. List the prime factors of i.
5, 29
Let u(a) = 1831*a**2 - 50*a + 59. What are the prime factors of u(-4)?
5, 23, 257
Suppose 10*o - 14*o + 180629 = 5*d, -3*o + 144502 = 4*d. List the prime factors of d.
41, 881
Let z = -26 + 29. Let k(d) = z + 5*d**2 - 2*d**2 - 9*d**2 - 4*d**2 + 19*d + d**3. What are the prime factors of k(9)?
3, 31
Suppose 5*h = -20, 5*d = 3*d + 4*h - 108. Let g = -59 - d. Suppose -g*a + 496 = a. What are the prime factors of a?
2, 31
Let d be 33478/8 + 2*3/(-8). Suppose -3*t + 5*f + 4196 = 0, -2*f = -3*t - 0*t + d. List the prime factors of t.
2, 3, 29
Let f = -47 + 44. Let r be (0 - (f + -2)) + 0 + 1. Suppose -r*w + 360 = -84. List the prime factors of w.
2, 37
Let w(t) be the third derivative of t**7/1680 - t**6/360 + 17*t**5/60 + 7*t**2. Let d(c) be the third derivative of w(c). List the prime factors of d(8).
2, 11
Suppose 284 = -2*h + 314. Suppose -3949 = -h*x + 3551. List the prime factors of x.
2, 5
Suppose -2*a - 56309 = -5*y, 262*a - 261*a = -y + 11252. What are the prime factors of y?
3, 139
Let r = 89 + -40. Let b be (48/15)/((-6)/30). Let y = r - b. What are the prime factors of y?
5, 13
List the prime factors of 40/(-32) + ((-57)/12 - -1) - -5304.
7, 757
Let f(q) = -9*q**3 + 33*q**2 - 36*q + 58. What are the prime factors of f(-16)?
2, 22973
Let a = -365 - -70. Let j be (-8)/36 + 68080/(-144). Let k = a - j. List the prime factors of k.
2, 89
Let f be -19 - -1*2*3/(-6). Let a be (4*28/f)/(6/105). Let t = 190 + a. List the prime factors of t.
2, 23
Suppose 2665 = 10*q - 85. Let u = q + 720. List the prime factors of u.
5, 199
Suppose 3*u + 26127 = 34*c - 31*c, 0 = -3*c - 2*u + 26122. List the prime factors of c.
2, 7, 311
Let m = -406 + 406. Let g be (-1070)/(-1) + 0/1. List the prime factors of g/10 + (m - 1).
2, 53
Let l(c) be the second derivative of c**4/3 + 7*c**3/6 - c**2 - c + 43. What are the prime factors of l(-7)?
5, 29
Suppose 0 = 29*d - 605618 - 759615. What are the prime factors of d?
179, 263
Let v = 51 + -34. Suppose -6 = -b + 3*j, 3*b + 12 = 4*j + 15. Let h = b + v. List the prime factors of h.
2, 7
Suppose -5*k - 10504 = -2*s, 16*s + 3*k = 13*s + 15714. What are the prime factors of s?
2, 2621
Let n be (160/96)/(308/306 - 1). Suppose n*b = 269*b - 9842. What are the prime factors of b?
19, 37
Let n be (2/(-4))/(7/84*2). Let k(f) = -36*f**3 - f**2 + 2*f - 22. List the prime factors of k(n).
5, 11, 17
Suppose 3*u = -c + 5000, 28*u = 3*c + 30*u - 15000. What are the prime factors of c?
2, 5
Let q = 63 + -58. Suppose q*p + 39 = 9. List the prime factors of (231/44)/(p/(-176)).
2, 7, 11
Suppose -4*t = 3*f - 2*t - 2279, -5*f + t + 3794 = 0. Suppose 4*c + 187 = f. List the prime factors of c.
11, 13
Let o(k) = -3*k**2 - 109*k + 20. List the prime factors of o(-9).
2, 379
Let g = 4206 + 14565. What are the prime factors of g?
3, 6257
Let b be (15 + -13)*(-3)/(-2) + 0. Suppose 0 = -3*x - b*w + 1026, x + 3*w - 26 - 308 = 0. List the prime factors of x.
2, 173
Let a = -690 + 1829. Suppose -2*n = -3*y + 1083, 5*y + n = a + 679. What are the prime factors of y?
3, 11
List the prime factors of (-48784)/(-8) + (-16)/4 - (1 - -3).
2, 3, 5, 7, 29
Suppose 0*d = -d + 5. Suppose d + 1231 = 3*p. What are the prime factors of p?
2, 103
Let w be 808/(-7) + 42/98. Suppose 5*d + 588 = 2*d. Let t = w - d. What are the prime factors of t?
3
Suppose 6*m - 5*m = -2*d + 6, 0 = -2*d - 2*m + 4. Suppose d*p - 2112 = 4*x, -5*p + 7*p + x = 1056. List the prime factors of p.
2, 3, 11
Let w(s) = -5170*s + 11. What are the prime factors of w(-3)?
11, 17, 83
Let r be (-9)/1 + 9 - (1 + -25). Suppose 0 = -36*j - r*j + 58500. What are the prime factors of j?
3, 5, 13
Suppose -4*f = -5*c + 2143, 2*f - 5*f + 5*c = 1601. Let u = f + 1455. What are the prime factors of u?
11, 83
Let c(v) = 7 + 31*v**2 - 4*v - 10*v**2 - 9*v**2 - 8*v**2. Let k be c(8). Let i = k - 56. List the prime factors of i.
5, 7
Let n be 5/5 + -1 - 0. Suppose -2*t - 4*t - 54 = n. List the prime factors of (6 + t)/(6/(-272)).
2, 17
Suppose 11 = -6*c - 1. Let n be ((-1)/c - 0) + 315/70. Suppose -2*m - m + 191 = -n*k, k = -3*m + 221. What are the prime factors of m?
2, 3
Suppose 16*f = 6*f + 40. Suppose -f*d + 13 = 1, -481 = -2*k - d. What are the prime factors of k?
239
Let w = -119 - -173. Let m be -1 - w/(-6) - 4*1. Suppose -213 = m*h - 1065. List the prime factors of h.
3, 71
Let q be ((-9)/6 + 0)*-2 - -747. Suppose 6*i - q - 786 = 0. Suppose -3*k + 20 = -i. List the prime factors of k.
2, 23
List the prime factors of -1094*33/(-9)*-12*49/(-56).
7, 11, 547
Let p be 2/1 + (0 - -49). Suppose -14*j + s = -9*j - 885, -j + 177 = -4*s. Let m = j - p. List the prime factors of m.
2, 3, 7
Let f = 4681 + -472. List the prime factors of f.
3, 23, 61
Let j = 351 + -79. Suppose -4*g = 16, l + 70 = -2*g - 76. Let p = j + l. List the prime factors of p.
2, 67
Suppose -266*s + 262*s - 4*h = -220340, 0 = s + 4*h - 55097. What are the prime factors of s?
13, 19, 223
Let p = -9522 + 15931. What are the prime factors of p?
13, 17, 29
Let k = 137 + -538. Let m = -272 - k. List the prime factors of m.
3, 43
Let b = -796 + 10153. What are the prime factors of b?
3, 3119
What are the prime factors of 1/((-32854)/(-87568) + 117/(-312))?
13, 421
Suppose -19*i = -288 - 130. List the prime factors of (-2 - (-7 + 8))/((-2)/i).
3, 11
Let b(d) = -8*d - 10. Let w be b(-2). Suppose -687 = -2*y + w*f - f, -f - 1419 = -4*y. List the prime factors of y.
2, 89
Let q = 32 - 38. Let n be 1/q - 117/(-54). Suppose -n*w = -4*m + m - 51, -2*m = -2*w + 52. List the prime factors of w.
3
Let t(k) = -4*k + 2. Let z be t(2). Let g = z + 6. What are the prime factors of 38*(g + (-6)/(-4))?
3, 19
Suppose 266 - 741 = -5*r. Suppose -r + 7 = -4*o. List the prime factors of o.
2, 11
Let c = 38 + 67. Suppose 0*h = -2*i - h - 85, 3*h - c = 3*i. Let s = 11 - i. What are the prime factors of s?
3, 17
Suppose -128*p = 309*p - 21024507. List the prime factors of p.
3, 7, 29, 79
Let u(d) = 229*d + 102. Suppose -3 = -4*a - 3*z, 4*z + z = -a - 12. What are the prime factors of u(a)?
3, 263
Suppose -25936 = -2*d - 5*b, -d - 3*d = -3*b - 51898. What are the prime factors of d?
12973
Suppose 173*l = 270*l - 2741317. List the prime factors of l.
59, 479
Let a = 30589 - 21084. What are the prime factors of a?
5, 1901
Suppose 28*j + 74140 = 50*j. List the prime factors of 3/(-2) - j/(-20).
167
Let t(p) = -64*p**3 + p**2 - p - 2. Suppose 6*s - s = -75. Let c be s/13 - (-14)/91. What are the prime factors of t(c)?
2
Let z be 5*(-16)/(-10) + 11. Suppose -z*m = 5*s - 14*m - 2010, m = -1. What are the prime factors of s?
13, 31
Suppose 0 = 3*z - 4 + 1, -2*t - 5*z = -5. Suppose t = -8*l - 21 + 5. What are the prime factors of (-578)/l + 5/(10/4)?
3, 97
Suppose -41*a = -28*a - 4966. Let 